{"id":2440,"date":"2025-04-19T15:51:58","date_gmt":"2025-04-19T13:51:58","guid":{"rendered":"https:\/\/grace-guolin-qigong.org\/?page_id=2440"},"modified":"2025-04-22T15:49:22","modified_gmt":"2025-04-22T13:49:22","slug":"cancer-des-ovaires-temoignages-de-colleen","status":"publish","type":"page","link":"https:\/\/grace-guolin-qigong.org\/index.php\/cancer-des-ovaires-temoignages-de-colleen\/","title":{"rendered":"Ovarian cancer and qi gong : Colleen&rsquo;s Testimony"},"content":{"rendered":"\t\t<div data-elementor-type=\"wp-page\" data-elementor-id=\"2440\" class=\"elementor elementor-2440\">\n\t\t\t\t<div class=\"elementor-element elementor-element-38b4d64 e-flex e-con-boxed e-con e-parent\" data-id=\"38b4d64\" data-element_type=\"container\">\n\t\t\t\t\t<div class=\"e-con-inner\">\n\t\t\t\t<div class=\"elementor-element elementor-element-7d2e135 elementor-widget elementor-widget-text-editor\" data-id=\"7d2e135\" data-element_type=\"widget\" data-widget_type=\"text-editor.default\">\n\t\t\t\t<div class=\"elementor-widget-container\">\n\t\t\t\t\t\t\t<p align=\"justify\">I had just turned 60 in 2020 when my younger sister called me with terrible news; she had cancer, of an unknown primary. A few months later she did genetic testing and found out that she carried the BRACA2 gene mutation.<\/p><p align=\"justify\">I thought that I was fine, I felt great, exercised regularly, ate a well-balanced diet, hadn\u2019t smoked or drank for several decades and had no physical complaints at all. I went to see a new gynecologist who saved my life by sending me to get a pelvic ultrasound.<\/p><p align=\"justify\">I had some sort of \u201cmass\u201d which was in fact stage 3 ovarian cancer. Before my genetic testing came back from the lab, more scans and biopsies revealed bilateral breast cancer as well.<\/p><p align=\"justify\">I had all three of the cancers most associated with BRACA2 at the same time! I underwent 4 surgeries, 4 months of chemotherapy and 3 weeks of radiation, during the pandemic, far from my family and on my own during that first year. I felt really terrified and anxious; I wanted the doctors to reassure me that I would make it through and live. But they were not able to say that. I contemplated death frequently and found it very difficult to face.<\/p><p align=\"justify\">Following those treatments, I underwent two and a half years on a \u201cPARP Inhibitor\u201d, a targeted drug therapy for BRACA2 cancers. I am currently on \u201cLetrozole\u201d, an estrogen suppressor.<\/p><p align=\"justify\">I was very lucky to have met Dr. Bingkai Liu in the middle of all my hospitalizations a few months after my diagnosis. Dr. Liu helped me greatly to face what was happening to me. He introduced me to the association \u201cGrace Guolin\u201d which teaches the practice of Qi-Gong Guolin \u2013 a simple practice of breathing and walking, to calm and oxygenate the body. Through Dr. Liu and the group I found hope and an action that I could take towards my own well-being. I continue to practice Qi-Gong Guolin in a park, every day. It has become a soothing pleasure and a method of staying well and keeping the cancer at bay.<\/p><p align=\"justify\">It has now been over 4 years since the nightmare of that triple cancer attack struck me. I am well, my blood markers are perfect, my scans all clear. Soon I hope to pass the 5-year goal and be considered \u201ccancer free\u201d. I know that the threat of recurrence is always present, but I am not afraid. I am not a victim and have taken action through daily practice of Qi-Gong Guolin in addition to the conventional hospital and targeted drug treatments. I feel very lucky to be alive and well today!<\/p><p align=\"justify\">I would be happy to talk to anyone who may be facing ovarian cancer or its threat, who wishes to contact me.<\/p><p align=\"justify\"><strong>Sincerely,<\/strong><br \/><strong>Colleen<\/strong><\/p><h2 class=\"western\" align=\"justify\"><strong>Connaissances pertinentes<\/strong><\/h2><ul><li><p align=\"justify\">Le g\u00e8ne <strong>BRCA2<\/strong> fait partie de notre patrimoine g\u00e9n\u00e9tique, tout comme environ 30 000 autres g\u00e8nes. Il code pour une prot\u00e9ine qui joue un r\u00f4le crucial dans la r\u00e9paration des cassures de l&rsquo;ADN, un peu comme un \u00ab\u00a0m\u00e9canicien\u00a0\u00bb qui r\u00e9pare le mat\u00e9riel g\u00e9n\u00e9tique.<\/p><\/li><li><p align=\"justify\">Lorsque cette prot\u00e9ine de r\u00e9paration ne fonctionne pas correctement en raison d&rsquo;une mutation du g\u00e8ne, le risque de d\u00e9velopper un cancer augmente. En effet, les cellules endommag\u00e9es ne peuvent plus \u00eatre r\u00e9par\u00e9es efficacement, ce qui peut mener \u00e0 la formation de tumeurs.<br \/><em>(Cohen-Haguenauer O. Med Sci (Paris). 2019 Feb)<\/em><\/p><\/li><li><p align=\"justify\">Le <strong>taux de risque<\/strong> (<em>hazard rate<\/em>) chez les porteurs du g\u00e8ne <strong>BRCA1<\/strong> est le plus \u00e9lev\u00e9 au cours des 2 premi\u00e8res ann\u00e9es, puis diminue jusqu&rsquo;\u00e0 la 6\u1d49 ann\u00e9e, avant de r\u00e9augmenter. En revanche, chez les porteurs du g\u00e8ne <strong>BRCA2<\/strong>, le taux de risque augmente pendant les 3 premi\u00e8res ann\u00e9es avant de se stabiliser et de rester constant par la suite.<br \/><em>(Lambertini M, et al. J Clin Oncol. 2025 Feb)<\/em><\/p><\/li><\/ul><p>.<\/p>\t\t\t\t\t\t<\/div>\n\t\t\t\t<\/div>\n\t\t\t\t\t<\/div>\n\t\t\t\t<\/div>\n\t\t\t\t<\/div>\n\t\t","protected":false},"excerpt":{"rendered":"<p>I had just turned 60 in 2020 when my younger sister called me with terrible news; she had cancer, of an unknown primary. A few months later she did genetic testing and found out that she carried the BRACA2 gene mutation. I thought that I was fine, I felt great, exercised regularly, ate a well-balanced [&hellip;]<\/p>\n","protected":false},"author":1,"featured_media":0,"parent":0,"menu_order":0,"comment_status":"closed","ping_status":"closed","template":"","meta":{"_monsterinsights_skip_tracking":false,"_monsterinsights_sitenote_active":false,"_monsterinsights_sitenote_note":"","_monsterinsights_sitenote_category":0,"_uf_show_specific_survey":0,"_uf_disable_surveys":false,"footnotes":""},"class_list":["post-2440","page","type-page","status-publish","hentry"],"aioseo_notices":[],"yoast_head":"<!-- This site is optimized with the Yoast SEO plugin v27.2 - https:\/\/yoast.com\/product\/yoast-seo-wordpress\/ -->\n<title>Ovarian cancer and qi gong : Colleen&#039;s Testimony - GRACE<\/title>\n<meta name=\"robots\" content=\"index, follow, max-snippet:-1, max-image-preview:large, max-video-preview:-1\" \/>\n<link rel=\"canonical\" href=\"https:\/\/grace-guolin-qigong.org\/index.php\/cancer-des-ovaires-temoignages-de-colleen\/\" \/>\n<meta property=\"og:locale\" content=\"fr_FR\" \/>\n<meta property=\"og:type\" content=\"article\" \/>\n<meta property=\"og:title\" content=\"Ovarian cancer and qi gong : Colleen&#039;s Testimony - GRACE\" \/>\n<meta property=\"og:description\" content=\"I had just turned 60 in 2020 when my younger sister called me with terrible news; she had cancer, of an unknown primary. A few months later she did genetic testing and found out that she carried the BRACA2 gene mutation. I thought that I was fine, I felt great, exercised regularly, ate a well-balanced [&hellip;]\" \/>\n<meta property=\"og:url\" content=\"https:\/\/grace-guolin-qigong.org\/index.php\/cancer-des-ovaires-temoignages-de-colleen\/\" \/>\n<meta property=\"og:site_name\" content=\"GRACE\" \/>\n<meta property=\"article:modified_time\" content=\"2025-04-22T13:49:22+00:00\" \/>\n<meta name=\"twitter:card\" content=\"summary_large_image\" \/>\n<meta name=\"twitter:label1\" content=\"Dur\u00e9e de lecture estim\u00e9e\" \/>\n\t<meta name=\"twitter:data1\" content=\"4 minutes\" \/>\n<script type=\"application\/ld+json\" class=\"yoast-schema-graph\">{\"@context\":\"https:\/\/schema.org\",\"@graph\":[{\"@type\":\"WebPage\",\"@id\":\"https:\/\/grace-guolin-qigong.org\/index.php\/cancer-des-ovaires-temoignages-de-colleen\/\",\"url\":\"https:\/\/grace-guolin-qigong.org\/index.php\/cancer-des-ovaires-temoignages-de-colleen\/\",\"name\":\"Ovarian cancer and qi gong : Colleen's Testimony - GRACE\",\"isPartOf\":{\"@id\":\"https:\/\/grace-guolin-qigong.org\/#website\"},\"datePublished\":\"2025-04-19T13:51:58+00:00\",\"dateModified\":\"2025-04-22T13:49:22+00:00\",\"breadcrumb\":{\"@id\":\"https:\/\/grace-guolin-qigong.org\/index.php\/cancer-des-ovaires-temoignages-de-colleen\/#breadcrumb\"},\"inLanguage\":\"fr-FR\",\"potentialAction\":[{\"@type\":\"ReadAction\",\"target\":[\"https:\/\/grace-guolin-qigong.org\/index.php\/cancer-des-ovaires-temoignages-de-colleen\/\"]}]},{\"@type\":\"BreadcrumbList\",\"@id\":\"https:\/\/grace-guolin-qigong.org\/index.php\/cancer-des-ovaires-temoignages-de-colleen\/#breadcrumb\",\"itemListElement\":[{\"@type\":\"ListItem\",\"position\":1,\"name\":\"Accueil\",\"item\":\"https:\/\/grace-guolin-qigong.org\/\"},{\"@type\":\"ListItem\",\"position\":2,\"name\":\"Ovarian cancer and qi gong : Colleen&rsquo;s Testimony\"}]},{\"@type\":\"WebSite\",\"@id\":\"https:\/\/grace-guolin-qigong.org\/#website\",\"url\":\"https:\/\/grace-guolin-qigong.org\/\",\"name\":\"GRACE\",\"description\":\"\",\"publisher\":{\"@id\":\"https:\/\/grace-guolin-qigong.org\/#organization\"},\"potentialAction\":[{\"@type\":\"SearchAction\",\"target\":{\"@type\":\"EntryPoint\",\"urlTemplate\":\"https:\/\/grace-guolin-qigong.org\/?s={search_term_string}\"},\"query-input\":{\"@type\":\"PropertyValueSpecification\",\"valueRequired\":true,\"valueName\":\"search_term_string\"}}],\"inLanguage\":\"fr-FR\"},{\"@type\":\"Organization\",\"@id\":\"https:\/\/grace-guolin-qigong.org\/#organization\",\"name\":\"GRACE\",\"url\":\"https:\/\/grace-guolin-qigong.org\/\",\"logo\":{\"@type\":\"ImageObject\",\"inLanguage\":\"fr-FR\",\"@id\":\"https:\/\/grace-guolin-qigong.org\/#\/schema\/logo\/image\/\",\"url\":\"https:\/\/grace-guolin-qigong.org\/wp-content\/uploads\/2023\/10\/logo-blanc-grace-video.jpg\",\"contentUrl\":\"https:\/\/grace-guolin-qigong.org\/wp-content\/uploads\/2023\/10\/logo-blanc-grace-video.jpg\",\"width\":841,\"height\":595,\"caption\":\"GRACE\"},\"image\":{\"@id\":\"https:\/\/grace-guolin-qigong.org\/#\/schema\/logo\/image\/\"}}]}<\/script>\n<!-- \/ Yoast SEO plugin. -->","yoast_head_json":{"title":"Ovarian cancer and qi gong : Colleen's Testimony - GRACE","robots":{"index":"index","follow":"follow","max-snippet":"max-snippet:-1","max-image-preview":"max-image-preview:large","max-video-preview":"max-video-preview:-1"},"canonical":"https:\/\/grace-guolin-qigong.org\/index.php\/cancer-des-ovaires-temoignages-de-colleen\/","og_locale":"fr_FR","og_type":"article","og_title":"Ovarian cancer and qi gong : Colleen's Testimony - GRACE","og_description":"I had just turned 60 in 2020 when my younger sister called me with terrible news; she had cancer, of an unknown primary. A few months later she did genetic testing and found out that she carried the BRACA2 gene mutation. I thought that I was fine, I felt great, exercised regularly, ate a well-balanced [&hellip;]","og_url":"https:\/\/grace-guolin-qigong.org\/index.php\/cancer-des-ovaires-temoignages-de-colleen\/","og_site_name":"GRACE","article_modified_time":"2025-04-22T13:49:22+00:00","twitter_card":"summary_large_image","twitter_misc":{"Dur\u00e9e de lecture estim\u00e9e":"4 minutes"},"schema":{"@context":"https:\/\/schema.org","@graph":[{"@type":"WebPage","@id":"https:\/\/grace-guolin-qigong.org\/index.php\/cancer-des-ovaires-temoignages-de-colleen\/","url":"https:\/\/grace-guolin-qigong.org\/index.php\/cancer-des-ovaires-temoignages-de-colleen\/","name":"Ovarian cancer and qi gong : Colleen's Testimony - GRACE","isPartOf":{"@id":"https:\/\/grace-guolin-qigong.org\/#website"},"datePublished":"2025-04-19T13:51:58+00:00","dateModified":"2025-04-22T13:49:22+00:00","breadcrumb":{"@id":"https:\/\/grace-guolin-qigong.org\/index.php\/cancer-des-ovaires-temoignages-de-colleen\/#breadcrumb"},"inLanguage":"fr-FR","potentialAction":[{"@type":"ReadAction","target":["https:\/\/grace-guolin-qigong.org\/index.php\/cancer-des-ovaires-temoignages-de-colleen\/"]}]},{"@type":"BreadcrumbList","@id":"https:\/\/grace-guolin-qigong.org\/index.php\/cancer-des-ovaires-temoignages-de-colleen\/#breadcrumb","itemListElement":[{"@type":"ListItem","position":1,"name":"Accueil","item":"https:\/\/grace-guolin-qigong.org\/"},{"@type":"ListItem","position":2,"name":"Ovarian cancer and qi gong : Colleen&rsquo;s Testimony"}]},{"@type":"WebSite","@id":"https:\/\/grace-guolin-qigong.org\/#website","url":"https:\/\/grace-guolin-qigong.org\/","name":"GRACE","description":"","publisher":{"@id":"https:\/\/grace-guolin-qigong.org\/#organization"},"potentialAction":[{"@type":"SearchAction","target":{"@type":"EntryPoint","urlTemplate":"https:\/\/grace-guolin-qigong.org\/?s={search_term_string}"},"query-input":{"@type":"PropertyValueSpecification","valueRequired":true,"valueName":"search_term_string"}}],"inLanguage":"fr-FR"},{"@type":"Organization","@id":"https:\/\/grace-guolin-qigong.org\/#organization","name":"GRACE","url":"https:\/\/grace-guolin-qigong.org\/","logo":{"@type":"ImageObject","inLanguage":"fr-FR","@id":"https:\/\/grace-guolin-qigong.org\/#\/schema\/logo\/image\/","url":"https:\/\/grace-guolin-qigong.org\/wp-content\/uploads\/2023\/10\/logo-blanc-grace-video.jpg","contentUrl":"https:\/\/grace-guolin-qigong.org\/wp-content\/uploads\/2023\/10\/logo-blanc-grace-video.jpg","width":841,"height":595,"caption":"GRACE"},"image":{"@id":"https:\/\/grace-guolin-qigong.org\/#\/schema\/logo\/image\/"}}]}},"_links":{"self":[{"href":"https:\/\/grace-guolin-qigong.org\/index.php\/wp-json\/wp\/v2\/pages\/2440","targetHints":{"allow":["GET"]}}],"collection":[{"href":"https:\/\/grace-guolin-qigong.org\/index.php\/wp-json\/wp\/v2\/pages"}],"about":[{"href":"https:\/\/grace-guolin-qigong.org\/index.php\/wp-json\/wp\/v2\/types\/page"}],"author":[{"embeddable":true,"href":"https:\/\/grace-guolin-qigong.org\/index.php\/wp-json\/wp\/v2\/users\/1"}],"replies":[{"embeddable":true,"href":"https:\/\/grace-guolin-qigong.org\/index.php\/wp-json\/wp\/v2\/comments?post=2440"}],"version-history":[{"count":6,"href":"https:\/\/grace-guolin-qigong.org\/index.php\/wp-json\/wp\/v2\/pages\/2440\/revisions"}],"predecessor-version":[{"id":2450,"href":"https:\/\/grace-guolin-qigong.org\/index.php\/wp-json\/wp\/v2\/pages\/2440\/revisions\/2450"}],"wp:attachment":[{"href":"https:\/\/grace-guolin-qigong.org\/index.php\/wp-json\/wp\/v2\/media?parent=2440"}],"curies":[{"name":"wp","href":"https:\/\/api.w.org\/{rel}","templated":true}]}}