{"id":851,"date":"2023-11-08T18:19:54","date_gmt":"2023-11-08T17:19:54","guid":{"rendered":"https:\/\/grace-guolin-qigong.org\/?page_id=851"},"modified":"2025-06-18T15:46:40","modified_gmt":"2025-06-18T13:46:40","slug":"membres-du-bureau","status":"publish","type":"page","link":"https:\/\/grace-guolin-qigong.org\/index.php\/membres-du-bureau\/","title":{"rendered":"Membres du bureau"},"content":{"rendered":"\t\t<div data-elementor-type=\"wp-page\" data-elementor-id=\"851\" class=\"elementor elementor-851\">\n\t\t\t\t<div class=\"elementor-element elementor-element-d258ca2 e-flex e-con-boxed e-con e-parent\" data-id=\"d258ca2\" data-element_type=\"container\">\n\t\t\t\t\t<div class=\"e-con-inner\">\n\t\t<div class=\"elementor-element elementor-element-6d90379 e-con-full e-flex e-con e-child\" data-id=\"6d90379\" data-element_type=\"container\">\n\t\t\t\t<div class=\"elementor-element elementor-element-c54e672 elementor-widget elementor-widget-image\" data-id=\"c54e672\" data-element_type=\"widget\" data-widget_type=\"image.default\">\n\t\t\t\t<div class=\"elementor-widget-container\">\n\t\t\t\t\t\t\t\t\t\t\t\t\t<img fetchpriority=\"high\" decoding=\"async\" width=\"768\" height=\"1024\" src=\"https:\/\/grace-guolin-qigong.org\/wp-content\/uploads\/2023\/11\/WhatsApp-Image-2023-11-08-at-18.28.30.jpeg\" class=\"attachment-large size-large wp-image-862\" alt=\"\" srcset=\"https:\/\/grace-guolin-qigong.org\/wp-content\/uploads\/2023\/11\/WhatsApp-Image-2023-11-08-at-18.28.30.jpeg 768w, https:\/\/grace-guolin-qigong.org\/wp-content\/uploads\/2023\/11\/WhatsApp-Image-2023-11-08-at-18.28.30-225x300.jpeg 225w\" sizes=\"(max-width: 768px) 100vw, 768px\" \/>\t\t\t\t\t\t\t\t\t\t\t\t\t<\/div>\n\t\t\t\t<\/div>\n\t\t\t\t<\/div>\n\t\t<div class=\"elementor-element elementor-element-acc7d75 e-con-full e-flex e-con e-child\" data-id=\"acc7d75\" data-element_type=\"container\">\n\t\t\t\t<div class=\"elementor-element elementor-element-3f72a6b elementor-widget elementor-widget-text-editor\" data-id=\"3f72a6b\" data-element_type=\"widget\" data-widget_type=\"text-editor.default\">\n\t\t\t\t<div class=\"elementor-widget-container\">\n\t\t\t\t\t\t\t<table border=\"0\" cellspacing=\"0\"><colgroup width=\"96\"><\/colgroup> <colgroup width=\"122\"><\/colgroup> <colgroup width=\"96\"><\/colgroup><tbody><tr><td align=\"left\" valign=\"middle\" height=\"45\"><p><span style=\"font-family: Liberation Sans Narrow;\">De gauche \u00e0 droite :<\/span><\/p><\/td><td align=\"left\" valign=\"middle\"><p><span style=\"font-family: Liberation Sans Narrow;\">Fonction<\/span><\/p><\/td><td align=\"left\" valign=\"middle\"><p><span style=\"font-family: Liberation Sans Narrow;\">Pratique le qi gong GuoLin depuis<\/span><\/p><\/td><\/tr><tr><td align=\"left\" valign=\"middle\" height=\"19\"><p><span style=\"font-family: Liberation Sans Narrow;\">&#8211; Sarah<\/span><\/p><\/td><td align=\"left\" valign=\"middle\"><p><span style=\"font-family: Liberation Sans Narrow;\">Pr\u00e9sidente<\/span><\/p><\/td><td align=\"center\" valign=\"middle\"><p><span style=\"font-family: Liberation Sans Narrow;\">2018<\/span><\/p><\/td><\/tr><tr><td align=\"left\" valign=\"middle\" height=\"45\"><p><span style=\"font-family: Liberation Sans Narrow;\">&#8211; Bingkai LIU<\/span><\/p><\/td><td align=\"left\" valign=\"middle\"><p>Membre d&rsquo;honneur et initiateur de la cr\u00e9ation de GRACE par les patients.<\/p><p>Il a introduit le Guolin Qigong en France \u00e0 l&rsquo;h\u00f4pital Piti\u00e9-Salp\u00eatri\u00e8re en 2015\u00a0<\/p><\/td><td align=\"center\" valign=\"middle\">\u00a0<\/td><\/tr><tr><td align=\"left\" valign=\"middle\" height=\"19\"><p><span style=\"font-family: Liberation Sans Narrow;\">&#8211; Philippe<\/span><\/p><\/td><td align=\"left\" valign=\"middle\"><p><span style=\"font-family: Liberation Sans Narrow;\">Vice-Pr\u00e9sident<\/span><\/p><\/td><td align=\"center\" valign=\"middle\"><p><span style=\"font-family: Liberation Sans Narrow;\">2018<\/span><\/p><\/td><\/tr><tr><td align=\"left\" valign=\"middle\" height=\"31\"><p><span style=\"font-family: Liberation Sans Narrow;\">&#8211; Marie-V\u00e9ronique<\/span><\/p><\/td><td align=\"left\" valign=\"middle\"><p><span style=\"font-family: Liberation Sans Narrow;\">Tr\u00e9sori\u00e8re<\/span><\/p><\/td><td align=\"center\" valign=\"middle\"><p><span style=\"font-family: Liberation Sans Narrow;\">2017\u00a0<\/span><\/p><\/td><\/tr><tr><td align=\"left\" valign=\"middle\" height=\"31\"><p><span style=\"font-family: Liberation Sans Narrow;\">&#8211; Marc<\/span><\/p><\/td><td align=\"left\" valign=\"middle\"><p><span style=\"font-family: Liberation Sans Narrow;\">Responsable Communication<\/span><\/p><\/td><td align=\"center\" valign=\"middle\"><p><span style=\"font-family: Liberation Sans Narrow;\">2022<\/span><\/p><\/td><\/tr><tr><td align=\"left\" valign=\"middle\" height=\"19\"><p><span style=\"font-family: Liberation Sans Narrow;\">&#8211; Philippe<\/span><\/p><\/td><td align=\"left\" valign=\"middle\"><p><span style=\"font-family: Liberation Sans Narrow;\">Secr\u00e9taire<\/span><\/p><\/td><td align=\"center\" valign=\"middle\">2020<\/td><\/tr><\/tbody><\/table>\t\t\t\t\t\t<\/div>\n\t\t\t\t<\/div>\n\t\t\t\t<\/div>\n\t\t\t\t\t<\/div>\n\t\t\t\t<\/div>\n\t\t\t\t<\/div>\n\t\t","protected":false},"excerpt":{"rendered":"<p>De gauche \u00e0 droite : Fonction Pratique le qi gong GuoLin depuis &#8211; Sarah Pr\u00e9sidente 2018 &#8211; Bingkai LIU Membre d&rsquo;honneur et initiateur de la cr\u00e9ation de GRACE par les patients. Il a introduit le Guolin Qigong en France \u00e0 l&rsquo;h\u00f4pital Piti\u00e9-Salp\u00eatri\u00e8re en 2015\u00a0 \u00a0 &#8211; Philippe Vice-Pr\u00e9sident 2018 &#8211; Marie-V\u00e9ronique Tr\u00e9sori\u00e8re 2017\u00a0 &#8211; Marc [&hellip;]<\/p>\n","protected":false},"author":1,"featured_media":0,"parent":0,"menu_order":0,"comment_status":"closed","ping_status":"closed","template":"","meta":{"_monsterinsights_skip_tracking":false,"_monsterinsights_sitenote_active":false,"_monsterinsights_sitenote_note":"","_monsterinsights_sitenote_category":0,"_uf_show_specific_survey":0,"_uf_disable_surveys":false,"footnotes":""},"class_list":["post-851","page","type-page","status-publish","hentry"],"aioseo_notices":[],"yoast_head":"<!-- This site is optimized with the Yoast SEO plugin v27.2 - https:\/\/yoast.com\/product\/yoast-seo-wordpress\/ -->\n<title>Membres du bureau - GRACE<\/title>\n<meta name=\"robots\" content=\"index, follow, max-snippet:-1, max-image-preview:large, max-video-preview:-1\" \/>\n<link rel=\"canonical\" href=\"https:\/\/grace-guolin-qigong.org\/index.php\/membres-du-bureau\/\" \/>\n<meta property=\"og:locale\" content=\"fr_FR\" \/>\n<meta property=\"og:type\" content=\"article\" \/>\n<meta property=\"og:title\" content=\"Membres du bureau - GRACE\" \/>\n<meta property=\"og:description\" content=\"De gauche \u00e0 droite : Fonction Pratique le qi gong GuoLin depuis &#8211; Sarah Pr\u00e9sidente 2018 &#8211; Bingkai LIU Membre d&rsquo;honneur et initiateur de la cr\u00e9ation de GRACE par les patients. Il a introduit le Guolin Qigong en France \u00e0 l&rsquo;h\u00f4pital Piti\u00e9-Salp\u00eatri\u00e8re en 2015\u00a0 \u00a0 &#8211; Philippe Vice-Pr\u00e9sident 2018 &#8211; Marie-V\u00e9ronique Tr\u00e9sori\u00e8re 2017\u00a0 &#8211; Marc [&hellip;]\" \/>\n<meta property=\"og:url\" content=\"https:\/\/grace-guolin-qigong.org\/index.php\/membres-du-bureau\/\" \/>\n<meta property=\"og:site_name\" content=\"GRACE\" \/>\n<meta property=\"article:modified_time\" content=\"2025-06-18T13:46:40+00:00\" \/>\n<meta property=\"og:image\" content=\"https:\/\/grace-guolin-qigong.org\/wp-content\/uploads\/2023\/11\/WhatsApp-Image-2023-11-08-at-18.28.30.jpeg\" \/>\n\t<meta property=\"og:image:width\" content=\"768\" \/>\n\t<meta property=\"og:image:height\" content=\"1024\" \/>\n\t<meta property=\"og:image:type\" content=\"image\/jpeg\" \/>\n<meta name=\"twitter:card\" content=\"summary_large_image\" \/>\n<meta name=\"twitter:label1\" content=\"Dur\u00e9e de lecture estim\u00e9e\" \/>\n\t<meta name=\"twitter:data1\" content=\"1 minute\" \/>\n<script type=\"application\/ld+json\" class=\"yoast-schema-graph\">{\"@context\":\"https:\/\/schema.org\",\"@graph\":[{\"@type\":\"WebPage\",\"@id\":\"https:\/\/grace-guolin-qigong.org\/index.php\/membres-du-bureau\/\",\"url\":\"https:\/\/grace-guolin-qigong.org\/index.php\/membres-du-bureau\/\",\"name\":\"Membres du bureau - GRACE\",\"isPartOf\":{\"@id\":\"https:\/\/grace-guolin-qigong.org\/#website\"},\"primaryImageOfPage\":{\"@id\":\"https:\/\/grace-guolin-qigong.org\/index.php\/membres-du-bureau\/#primaryimage\"},\"image\":{\"@id\":\"https:\/\/grace-guolin-qigong.org\/index.php\/membres-du-bureau\/#primaryimage\"},\"thumbnailUrl\":\"http:\/\/grace-guolin-qigong.org\/wp-content\/uploads\/2023\/11\/WhatsApp-Image-2023-11-08-at-18.28.30.jpeg\",\"datePublished\":\"2023-11-08T17:19:54+00:00\",\"dateModified\":\"2025-06-18T13:46:40+00:00\",\"breadcrumb\":{\"@id\":\"https:\/\/grace-guolin-qigong.org\/index.php\/membres-du-bureau\/#breadcrumb\"},\"inLanguage\":\"fr-FR\",\"potentialAction\":[{\"@type\":\"ReadAction\",\"target\":[\"https:\/\/grace-guolin-qigong.org\/index.php\/membres-du-bureau\/\"]}]},{\"@type\":\"ImageObject\",\"inLanguage\":\"fr-FR\",\"@id\":\"https:\/\/grace-guolin-qigong.org\/index.php\/membres-du-bureau\/#primaryimage\",\"url\":\"https:\/\/grace-guolin-qigong.org\/wp-content\/uploads\/2023\/11\/WhatsApp-Image-2023-11-08-at-18.28.30.jpeg\",\"contentUrl\":\"https:\/\/grace-guolin-qigong.org\/wp-content\/uploads\/2023\/11\/WhatsApp-Image-2023-11-08-at-18.28.30.jpeg\",\"width\":768,\"height\":1024},{\"@type\":\"BreadcrumbList\",\"@id\":\"https:\/\/grace-guolin-qigong.org\/index.php\/membres-du-bureau\/#breadcrumb\",\"itemListElement\":[{\"@type\":\"ListItem\",\"position\":1,\"name\":\"Accueil\",\"item\":\"https:\/\/grace-guolin-qigong.org\/\"},{\"@type\":\"ListItem\",\"position\":2,\"name\":\"Membres du bureau\"}]},{\"@type\":\"WebSite\",\"@id\":\"https:\/\/grace-guolin-qigong.org\/#website\",\"url\":\"https:\/\/grace-guolin-qigong.org\/\",\"name\":\"GRACE\",\"description\":\"\",\"publisher\":{\"@id\":\"https:\/\/grace-guolin-qigong.org\/#organization\"},\"potentialAction\":[{\"@type\":\"SearchAction\",\"target\":{\"@type\":\"EntryPoint\",\"urlTemplate\":\"https:\/\/grace-guolin-qigong.org\/?s={search_term_string}\"},\"query-input\":{\"@type\":\"PropertyValueSpecification\",\"valueRequired\":true,\"valueName\":\"search_term_string\"}}],\"inLanguage\":\"fr-FR\"},{\"@type\":\"Organization\",\"@id\":\"https:\/\/grace-guolin-qigong.org\/#organization\",\"name\":\"GRACE\",\"url\":\"https:\/\/grace-guolin-qigong.org\/\",\"logo\":{\"@type\":\"ImageObject\",\"inLanguage\":\"fr-FR\",\"@id\":\"https:\/\/grace-guolin-qigong.org\/#\/schema\/logo\/image\/\",\"url\":\"https:\/\/grace-guolin-qigong.org\/wp-content\/uploads\/2023\/10\/logo-blanc-grace-video.jpg\",\"contentUrl\":\"https:\/\/grace-guolin-qigong.org\/wp-content\/uploads\/2023\/10\/logo-blanc-grace-video.jpg\",\"width\":841,\"height\":595,\"caption\":\"GRACE\"},\"image\":{\"@id\":\"https:\/\/grace-guolin-qigong.org\/#\/schema\/logo\/image\/\"}}]}<\/script>\n<!-- \/ Yoast SEO plugin. -->","yoast_head_json":{"title":"Membres du bureau - GRACE","robots":{"index":"index","follow":"follow","max-snippet":"max-snippet:-1","max-image-preview":"max-image-preview:large","max-video-preview":"max-video-preview:-1"},"canonical":"https:\/\/grace-guolin-qigong.org\/index.php\/membres-du-bureau\/","og_locale":"fr_FR","og_type":"article","og_title":"Membres du bureau - GRACE","og_description":"De gauche \u00e0 droite : Fonction Pratique le qi gong GuoLin depuis &#8211; Sarah Pr\u00e9sidente 2018 &#8211; Bingkai LIU Membre d&rsquo;honneur et initiateur de la cr\u00e9ation de GRACE par les patients. Il a introduit le Guolin Qigong en France \u00e0 l&rsquo;h\u00f4pital Piti\u00e9-Salp\u00eatri\u00e8re en 2015\u00a0 \u00a0 &#8211; Philippe Vice-Pr\u00e9sident 2018 &#8211; Marie-V\u00e9ronique Tr\u00e9sori\u00e8re 2017\u00a0 &#8211; Marc [&hellip;]","og_url":"https:\/\/grace-guolin-qigong.org\/index.php\/membres-du-bureau\/","og_site_name":"GRACE","article_modified_time":"2025-06-18T13:46:40+00:00","og_image":[{"width":768,"height":1024,"url":"https:\/\/grace-guolin-qigong.org\/wp-content\/uploads\/2023\/11\/WhatsApp-Image-2023-11-08-at-18.28.30.jpeg","type":"image\/jpeg"}],"twitter_card":"summary_large_image","twitter_misc":{"Dur\u00e9e de lecture estim\u00e9e":"1 minute"},"schema":{"@context":"https:\/\/schema.org","@graph":[{"@type":"WebPage","@id":"https:\/\/grace-guolin-qigong.org\/index.php\/membres-du-bureau\/","url":"https:\/\/grace-guolin-qigong.org\/index.php\/membres-du-bureau\/","name":"Membres du bureau - GRACE","isPartOf":{"@id":"https:\/\/grace-guolin-qigong.org\/#website"},"primaryImageOfPage":{"@id":"https:\/\/grace-guolin-qigong.org\/index.php\/membres-du-bureau\/#primaryimage"},"image":{"@id":"https:\/\/grace-guolin-qigong.org\/index.php\/membres-du-bureau\/#primaryimage"},"thumbnailUrl":"http:\/\/grace-guolin-qigong.org\/wp-content\/uploads\/2023\/11\/WhatsApp-Image-2023-11-08-at-18.28.30.jpeg","datePublished":"2023-11-08T17:19:54+00:00","dateModified":"2025-06-18T13:46:40+00:00","breadcrumb":{"@id":"https:\/\/grace-guolin-qigong.org\/index.php\/membres-du-bureau\/#breadcrumb"},"inLanguage":"fr-FR","potentialAction":[{"@type":"ReadAction","target":["https:\/\/grace-guolin-qigong.org\/index.php\/membres-du-bureau\/"]}]},{"@type":"ImageObject","inLanguage":"fr-FR","@id":"https:\/\/grace-guolin-qigong.org\/index.php\/membres-du-bureau\/#primaryimage","url":"https:\/\/grace-guolin-qigong.org\/wp-content\/uploads\/2023\/11\/WhatsApp-Image-2023-11-08-at-18.28.30.jpeg","contentUrl":"https:\/\/grace-guolin-qigong.org\/wp-content\/uploads\/2023\/11\/WhatsApp-Image-2023-11-08-at-18.28.30.jpeg","width":768,"height":1024},{"@type":"BreadcrumbList","@id":"https:\/\/grace-guolin-qigong.org\/index.php\/membres-du-bureau\/#breadcrumb","itemListElement":[{"@type":"ListItem","position":1,"name":"Accueil","item":"https:\/\/grace-guolin-qigong.org\/"},{"@type":"ListItem","position":2,"name":"Membres du bureau"}]},{"@type":"WebSite","@id":"https:\/\/grace-guolin-qigong.org\/#website","url":"https:\/\/grace-guolin-qigong.org\/","name":"GRACE","description":"","publisher":{"@id":"https:\/\/grace-guolin-qigong.org\/#organization"},"potentialAction":[{"@type":"SearchAction","target":{"@type":"EntryPoint","urlTemplate":"https:\/\/grace-guolin-qigong.org\/?s={search_term_string}"},"query-input":{"@type":"PropertyValueSpecification","valueRequired":true,"valueName":"search_term_string"}}],"inLanguage":"fr-FR"},{"@type":"Organization","@id":"https:\/\/grace-guolin-qigong.org\/#organization","name":"GRACE","url":"https:\/\/grace-guolin-qigong.org\/","logo":{"@type":"ImageObject","inLanguage":"fr-FR","@id":"https:\/\/grace-guolin-qigong.org\/#\/schema\/logo\/image\/","url":"https:\/\/grace-guolin-qigong.org\/wp-content\/uploads\/2023\/10\/logo-blanc-grace-video.jpg","contentUrl":"https:\/\/grace-guolin-qigong.org\/wp-content\/uploads\/2023\/10\/logo-blanc-grace-video.jpg","width":841,"height":595,"caption":"GRACE"},"image":{"@id":"https:\/\/grace-guolin-qigong.org\/#\/schema\/logo\/image\/"}}]}},"_links":{"self":[{"href":"https:\/\/grace-guolin-qigong.org\/index.php\/wp-json\/wp\/v2\/pages\/851","targetHints":{"allow":["GET"]}}],"collection":[{"href":"https:\/\/grace-guolin-qigong.org\/index.php\/wp-json\/wp\/v2\/pages"}],"about":[{"href":"https:\/\/grace-guolin-qigong.org\/index.php\/wp-json\/wp\/v2\/types\/page"}],"author":[{"embeddable":true,"href":"https:\/\/grace-guolin-qigong.org\/index.php\/wp-json\/wp\/v2\/users\/1"}],"replies":[{"embeddable":true,"href":"https:\/\/grace-guolin-qigong.org\/index.php\/wp-json\/wp\/v2\/comments?post=851"}],"version-history":[{"count":64,"href":"https:\/\/grace-guolin-qigong.org\/index.php\/wp-json\/wp\/v2\/pages\/851\/revisions"}],"predecessor-version":[{"id":2611,"href":"https:\/\/grace-guolin-qigong.org\/index.php\/wp-json\/wp\/v2\/pages\/851\/revisions\/2611"}],"wp:attachment":[{"href":"https:\/\/grace-guolin-qigong.org\/index.php\/wp-json\/wp\/v2\/media?parent=851"}],"curies":[{"name":"wp","href":"https:\/\/api.w.org\/{rel}","templated":true}]}}